) = -z**2 - 3*z. Let t(l) = -2*l - 18. Let c be t(-13). Suppose c - 2 = -2*a. What is q(a)?
0
Let v(x) be the first derivative of -x**4/4 - x**3 + 5*x**2/2 + 2*x - 33. Let g(d) = d - 9. Let b be g(5). Calculate v(b).
-2
Suppose 4*q - t - 27 = 0, 4*q + t = 14 + 7. Let w(s) = 1 + 5 - 1 - s**2 + 5*s. Determine w(q).
-1
Let u(v) = v**3 - 6*v**2 - 7*v - 1. Let i be u(7). Let j = i + 4. Let d(n) = -3*n + j*n + 3 - n. Determine d(-3).
6
Let l(g) = -g - 8. Suppose -24 = o + 3*o. What is l(o)?
-2
Let z(m) = 9*m**3 - m. Suppose r = 4*u - 0*u + 3, 0 = -2*r - 2. Give z(u).
-8
Let q = 11 - 17. Let m = -3 - q. Let b(d) = 3*d + 3 + 3*d - 7*d. Calculate b(m).
0
Suppose -5*w + 29 - 4 = 0. Let p = 9 - w. Let z(a) = -4 + 4*a + 0*a - 2*a. Give z(p).
4
Let j be ((-1)/(-4))/((-5)/(-40)). Let q(x) = x**3 - 2*x**2 - x + 1. Determine q(j).
-1
Suppose 3*u = t + 13, 3*t + 2*u + 33 + 50 = 0. Let s be (-130)/t - 2/10. Let z(j) = -2*j - 3. Give z(s).
-13
Suppose 0 = 2*z - 7 - 17. Suppose 4 = 4*q + x - 10, 2*q + 3*x - z = 0. Suppose -q*w = 3 + 3. Let d(l) = -l**3 - l**2 + l + 1. Determine d(w).
3
Suppose 0 = u + t - 2, 0 = 5*u - 2*u + 4*t - 5. Let g(b) = u + 2 - 1 + b + 0*b**2 - b**2. Let s = 8 + -5. Give g(s).
-2
Let w(s) be the third derivative of -s**8/10080 + s**6/360 + s**5/15 + 5*s**2. Let l(j) be the third derivative of w(j). Determine l(2).
-6
Let k = 1 - -3. Let d(u) be the first derivative of -u**3/3 + u**2/2 + 3*u + 3. Let c(o) be the first derivative of d(o). Calculate c(k).
-7
Suppose -5*l + 26 = b, 2*l = b - 2*l - 8. Let m(i) = i**2 - 13 + 3*i + 0*i + b. Calculate m(-3).
3
Suppose 0 = -0*d - d + 2. Suppose 0 = d*t - 2*x - 0*x - 6, -5*t - 2*x - 13 = 0. Let n = t + 2. Let o(c) = 7*c - 1. Calculate o(n).
6
Let p(o) = -2*o - 9. Suppose a + 37 = 5*d - 0, -5*a - 45 = 3*d. Let r(i) = 3*i. Let c be r(-6). Let j = c - a. Give p(j).
3
Let i(d) = -d**2 + d + 4. Suppose 4*v = -3*m + 4 - 12, 2*m + 5*v + 3 = 0. Suppose a - 3*a + 3 = s, 4*a - 5 = -3*s. Let c be (9/(1 + m))/s. Determine i(c).
-2
Let o(n) = -n**2 + n. Let z(i) = -i**3 - 2*i**2 + 9*i + 3. Let u(q) = -5*o(q) + z(q). Give u(4).
3
Let r(o) = -o**2 - 5*o + 2. Let j(p) = -p**2 - 5*p - 6. Let c be j(-5). What is r(c)?
-4
Let d = 43 + -38. Let s(u) = -u**2 + u + 5. Give s(d).
-15
Let f(i) = 24*i + 1 - 12*i - 13*i. What is f(-6)?
7
Let f be ((-44)/10)/((-2)/(-10)). Let n = -16 - f. Let b = 2 - n. Let o(s) = -s**3 - 5*s**2 - 3*s + 1. Calculate o(b).
-3
Let n(g) = 1 - 6*g**2 + g**3 - 6 + 3 + 7 - 4*g. Calculate n(6).
-19
Let l(b) = -6*b + b**2 + 3*b**2 - 3*b**2 + 2. Suppose -2*c = 4*u - 20, c - 8 = -5*u + 8. What is l(c)?
2
Let t = 22 + -23. Let z(s) = 8*s**2 + 1. Give z(t).
9
Let u(s) = -2*s**3 - 15*s**2 + 11*s + 37. Let z(m) = 0 - 7*m**2 - 3*m**3 + 18 + 2*m**3 + 5*m. Let q(n) = 6*u(n) - 13*z(n). Determine q(0).
-12
Let g be ((-4)/2)/(-4)*10. Let t(b) be the second derivative of -1/6*b**3 + 7/2*b**2 + 2*b + 0. Determine t(g).
2
Let m(v) = 4*v**3 - v - 1 + 8*v**2 - 10*v**2 + 2*v**2. Let c(k) = k**3 - 2*k**2 - 4*k + 2. Let h be c(3). Calculate m(h).
-4
Let u(m) = m**2 + 4*m - 3. Let v(r) = 2*r**2 + 7*r - 5. Let b(t) = -7*u(t) + 4*v(t). Let y(x) = 3*x - 7. Let f be y(3). Determine b(f).
5
Let f(v) = 5 + 16*v**2 - 12*v**2 - 3*v**2 + 6*v. Determine f(-4).
-3
Suppose s + p + 1 = 0, -10 - 2 = -3*s + 2*p. Let d(w) = 4*w**2 - 3*w + 1. Give d(s).
11
Let g(t) = -5*t + 1 + 3*t + 3*t. What is g(5)?
6
Let a be 0 + -1 + (3 - 2). Let o = a + -3. Let n(f) = -4*f**3 - 6*f**2 + 4*f - 6. Let c(u) = 7*u**3 + 11*u**2 - 7*u + 11. Let m(l) = 3*c(l) + 5*n(l). Give m(o).
6
Let o(i) = -i**2 - 2*i + 2. Suppose 0 = -u + 3*u + 6. Let z(r) = r**2 + 3*r + 2. Let m be z(u). What is o(m)?
-6
Let y(q) be the second derivative of 5*q**4/12 - 22*q. What is y(-1)?
5
Let c(h) = -2*h**2 + 2*h + 2. Suppose 3*b + 3 = 5*f - 0, -3*f = -3*b + 3. Let t be f/(((-45)/6)/(-5)). What is c(t)?
-2
Let z(i) = -3*i**2 - 4 + 0 - 7*i**2 - 3*i + 12*i**2. Give z(3).
5
Let p(l) = -l**2 + 3*l + 7. Let r(o) = 2*o**2 - 5*o - 14. Let a(x) = -5*p(x) - 2*r(x). What is a(5)?
-7
Let x be -4 - ((-2 - -1) + 0). Suppose 0 = 2*v - 4*h, -7 = -5*v + 2*h + 1. Let q(t) = -23*t + v - t**2 + 23*t. Calculate q(x).
-7
Let z(y) = -7*y**2 + 1. Suppose 4*a = -16, -28 = -2*l - 0*a + 5*a. Suppose -2*h = 2*d - 12, l*h - 2*h - 7 = -d. What is z(h)?
-6
Suppose 17*g - 13*g = 8. Let x(b) be the second derivative of -2*b**3/3 - 2*b. Determine x(g).
-8
Let h(x) = x - 7. Suppose -2*w = -2*m + 10, -m - 3 = -4*w - 35. Let k(b) = -b - 3. Let p be k(w). Determine h(p).
-1
Let n(c) = 6*c - 7. Let y(l) = 6*l - 6. Let k(o) = 4*n(o) - 5*y(o). Determine k(-2).
14
Let z(y) = 3*y - 33. Let f be z(11). Let l(i) = -5*i**3 + 5*i**2 + i - 9. Let k(r) = r**3 - r**2 + 1. Let n(t) = -6*k(t) - l(t). Give n(f).
3
Let v be (-1)/(-2)*0/(-2). Let z(r) = r + 4. Let a be z(v). Let y(h) = -2*h - 3 + a*h - 1 + 0. Give y(3).
2
Let c(r) be the third derivative of -r**5/60 + r**3/6 - 2*r**2. What is c(1)?
0
Let j(d) = -d**2 + d + 3. Let u(n) = -n**2 + 2*n + 7. Let a(y) = 9*j(y) - 4*u(y). Give a(1).
-5
Suppose 3*s - 30 + 30 = 0. Let y(k) = -k**3 + k - 7. Determine y(s).
-7
Let s(j) = -1. Let g(d) = 2*d + 9. Let l(v) = -2*v - 10. Let y(a) = 6*g(a) + 5*l(a). Let i(p) = s(p) + y(p). Calculate i(-2).
-1
Let j = -5 + 6. Suppose 4*z = 3*z - j. Let o(a) = 4*a. Calculate o(z).
-4
Let c(j) = 7*j**3 - 6*j**2 + 12*j + 7. Let l(k) = k**3 + k + 1. Let q = -14 + 8. Let w(m) = q*l(m) + c(m). Let d be 3*2*5/6. Determine w(d).
6
Let l be 4/14 - (-210)/(-49). Suppose r = 1 + 1. Let d(o) = 0*o + 3*o**2 - 4*o**2 - 3*o + r. Give d(l).
-2
Let t(f) = -f**2 + 2*f + 1. Let c(l) = l + 2. Let b be c(0). Let m be (6/b + -4)*5. Let w(y) = -y**2 + 2*y + 1. Let p(g) = m*w(g) + 6*t(g). What is p(2)?
1
Let l(u) = 3 - u - u + u. Let y(t) = -t**3 + 5*t**2 + 8*t - 6. Let k be y(6). Give l(k).
-3
Let s(t) = t - 1. Let y(c) = -c. Let w(k) = 3*s(k) + 2*y(k). Give w(5).
2
Let w be (-5)/(-10) + (-3)/2. Let b be w - (1 + -2) - 0. Let z(c) = -c + 2. Let u(m) = 1. Let a(y) = 5*u(y) + z(y). Determine a(b).
7
Let i(z) = 0*z + z + 0 + 1. Let r be ((-9)/(-6))/(3/2). Let g = 0 + r. Give i(g).
2
Let b be (0*2*(-4)/16)/(-2). Let i(j) = j + 4. What is i(b)?
4
Let b(h) = h**2 - 1. Let v(z) = 95*z**2 + 7*z - 102*z**2 - 1 + 8. Let f(x) = 6*b(x) + v(x). What is f(5)?
11
Let y be (-4)/(-6) + (-68)/(-6). Suppose -3*t = 3 - y. Let k(x) = -x - 3. Give k(t).
-6
Let z(c) = c - 14. Let v(w) = 1. Let k(a) = -22*v(a) - 2*z(a). Let l = -1 - -3. Suppose l*g - 4*g - 2*s + 18 = 0, -31 = -4*g - 3*s. Calculate k(g).
-2
Let l(m) be the third derivative of m**5/60 + m**4/12 - m**3/6 - 24*m**2. Determine l(-3).
2
Let f = -104 + 101. Let k(a) = 7*a + 1. Determine k(f).
-20
Let i(x) = 7*x**2 - 17*x - 5. Let v(k) = -6*k**2 + 16*k + 4. Let m(w) = -5*i(w) - 6*v(w). Determine m(11).
1
Let l be 3/(-3)*(-6)/2. Let y(q) = 3*q**l - q**2 - 1 + q - 16*q**3 + 6*q**3. Calculate y(1).
-8
Let s(w) be the third derivative of w**7/2520 - w**6/720 - w**5/30 + w**4/12 - 4*w**2. Let f(v) be the second derivative of s(v). Give f(0).
-4
Let k = -13 + 12. Let x be (54/72)/(k/(-4)). Let o(l) = l - 4. Calculate o(x).
-1
Let c(z) = -z**2 - 7*z - 2. Let y be 3*-2*(4 - 3). Determine c(y).
4
Let k(z) = -30*z**3 - 2 + 22*z**3 + 2 + 1. Let x = -8 + 9. Give k(x).
-7
Suppose -3*f - 2*f = -25, -5*n - 5 = -f. Let r(d) = d**3 + 11. Determine r(n).
11
Let a(w) be the second derivative of -w**4/12 + w**2/2 - 2*w. Suppose l = 2*b - 6, 5 = 4*b - 3*l - 9. Give a(b).
-3
Let s(p) = 3*p**2 - p + 1. Let o(d) = -4*d**2 + 2*d - 2. Let a(l) = -2*o(l) - 3*s(l). Let g(b) = -b - 3. Let v be g(0). Let j = v + 4. What is a(j)?
-1
Let a be 0 + 1 + 6/2. Suppose -a*w = -7*w + 3. Let r(t) = t**2 - 8*t - 3. Let v(d) = -2*d**2 + 11*d + 4. Let c(q) = -4*r(q) - 3*v(q). Give c(w).
1
Let w(j) = -j**3 - 2*j**3 - 1 + j + 2*j**3. Suppose 0*z - 5*r + 4 = 2*z, 4*z + 2*r - 8 = 0. Determine w(z).
-7
Let q(a) = a - 1. Let c be (2/3)/((-2)/(-27)). Suppose c = 2*k - g, -3 = -2*k - k + 5*g. Determine q(k).
5
Suppose 7 = -4*i - 1. Suppose 2 = 4*z - 10. Let l(o) = -o**2 - z*o + 2*o**2 + 3*o - 2. What is l(i)?
2
Let h(w) = w**2 + 3*w - 5. Let p = 88 + -93. Determine h(p).
5
Suppose 3*p - 4*p + 5*n = 4, 3*n = p. Let m(v) = v**3 - 7*v**2 + 8*v - 1. Calculate m(p).
11
Let m(a) = 4*a - 5. 